{"id":2,"date":"2021-11-06T20:23:35","date_gmt":"2021-11-06T19:23:35","guid":{"rendered":"https:\/\/www.la-senechalerie.com\/?page_id=2"},"modified":"2021-11-07T18:04:58","modified_gmt":"2021-11-07T17:04:58","slug":"salle-de-reception-mariage-verteuil","status":"publish","type":"page","link":"https:\/\/www.la-senechalerie.com\/?page_id=2","title":{"rendered":"Salle de r\u00e9ception"},"content":{"rendered":"<div id=\"pl-gb2-69e05a9a6275a\"  class=\"panel-layout\" ><div id=\"pg-gb2-69e05a9a6275a-0\"  class=\"panel-grid panel-no-style\" ><div id=\"pgc-gb2-69e05a9a6275a-0-0\"  class=\"panel-grid-cell\" ><div id=\"panel-gb2-69e05a9a6275a-0-0-0\" class=\"so-panel widget widget_sow-editor panel-first-child panel-last-child\" data-index=\"0\" ><div class=\"so-widget-sow-editor so-widget-sow-editor-base\">\n<div class=\"siteorigin-widget-tinymce textwidget\">\n\t<p>La salle de r\u00e9ception permet d&rsquo;accueillir jusqu&rsquo;a 50 convives. Lors de vos \u00e9v\u00e9nements, profites des terrasses, de la vue sur le chateau de <a href=\"https:\/\/verteuil-charente.fr\/\">Verteuil-sur-Charente<\/a> et de la cour ferm\u00e9e.<\/p>\n<p>Attenant au <a href=\"https:\/\/www.la-senechalerie.com\/?page_id=17\">logis de la S\u00e9n\u00e9chalerie<\/a>, vous pourrez ainsi profiter en toute s\u00e9r\u00e9nit\u00e9 de ce moment convivial sans reprendre votre v\u00e9hicule.<\/p>\n<\/div>\n<\/div><\/div><\/div><div id=\"pgc-gb2-69e05a9a6275a-0-1\"  class=\"panel-grid-cell\" ><div id=\"panel-gb2-69e05a9a6275a-0-1-0\" class=\"so-panel widget widget_sow-button panel-first-child\" data-index=\"1\" ><div class=\"so-widget-sow-button so-widget-sow-button-atom-b4f6b6b19f96-2\"><div class=\"ow-button-base ow-button-align-center\">\n\t<a href=\"https:\/\/www.la-senechalerie.com\/?page_id=33\" class=\"ow-icon-placement-left ow-button-hover\" \t\t>\n\t\t<span>\n\t\t\t\n\t\t\tReservez d\u00e8s maintenant Salle de R\u00e9ception\t\t<\/span>\n\t<\/a>\n<\/div>\n<\/div><\/div><div id=\"panel-gb2-69e05a9a6275a-0-1-1\" class=\"so-panel widget widget_sow-slider panel-last-child\" data-index=\"2\" ><div class=\"so-widget-sow-slider so-widget-sow-slider-default-53fd0f98de19-2\"><div class=\"sow-slider-base\" style=\"display: none\"><ul class=\"sow-slider-images\" data-settings=\"{&quot;pagination&quot;:true,&quot;speed&quot;:800,&quot;timeout&quot;:8000,&quot;paused&quot;:false,&quot;pause_on_hover&quot;:false,&quot;swipe&quot;:true,&quot;nav_always_show_desktop&quot;:&quot;&quot;,&quot;nav_always_show_mobile&quot;:&quot;&quot;,&quot;breakpoint&quot;:&quot;780px&quot;,&quot;unmute&quot;:false}\">\t\t<li class=\"sow-slider-image  sow-slider-image-cover\" style=\"background-image: url(https:\/\/www.la-senechalerie.com\/wp-content\/uploads\/2021\/11\/239689054_296377362255655_8981073854405970780_n.jpg)\" >\n\t\t\t\t\t\t\t\t\t<img width=\"960\" height=\"720\" src=\"https:\/\/www.la-senechalerie.com\/wp-content\/uploads\/2021\/11\/239689054_296377362255655_8981073854405970780_n.jpg\" class=\"sow-slider-background-image skip-lazy\" alt=\"\" loading=\"eager\" srcset=\"https:\/\/www.la-senechalerie.com\/wp-content\/uploads\/2021\/11\/239689054_296377362255655_8981073854405970780_n.jpg 960w, https:\/\/www.la-senechalerie.com\/wp-content\/uploads\/2021\/11\/239689054_296377362255655_8981073854405970780_n-300x225.jpg 300w, https:\/\/www.la-senechalerie.com\/wp-content\/uploads\/2021\/11\/239689054_296377362255655_8981073854405970780_n-768x576.jpg 768w\" sizes=\"(max-width: 960px) 100vw, 960px\" \/>\t\t\t\t\t\t\t\t<\/li>\n\t\t\t\t<li class=\"sow-slider-image  sow-slider-image-cover\" style=\"background-image: url(https:\/\/www.la-senechalerie.com\/wp-content\/uploads\/2021\/11\/122678792_114786827081377_7009208280394533689_n.jpg)\" >\n\t\t\t\t\t\t\t\t\t<img width=\"960\" height=\"720\" src=\"https:\/\/www.la-senechalerie.com\/wp-content\/uploads\/2021\/11\/122678792_114786827081377_7009208280394533689_n.jpg\" class=\"sow-slider-background-image skip-lazy\" alt=\"\" loading=\"eager\" srcset=\"https:\/\/www.la-senechalerie.com\/wp-content\/uploads\/2021\/11\/122678792_114786827081377_7009208280394533689_n.jpg 960w, https:\/\/www.la-senechalerie.com\/wp-content\/uploads\/2021\/11\/122678792_114786827081377_7009208280394533689_n-300x225.jpg 300w, https:\/\/www.la-senechalerie.com\/wp-content\/uploads\/2021\/11\/122678792_114786827081377_7009208280394533689_n-768x576.jpg 768w\" sizes=\"(max-width: 960px) 100vw, 960px\" \/>\t\t\t\t\t\t\t\t<\/li>\n\t\t\t\t<li class=\"sow-slider-image  sow-slider-image-cover\" style=\"background-image: url(https:\/\/www.la-senechalerie.com\/wp-content\/uploads\/2021\/11\/123033014_114786743748052_6996847760692319018_n.jpg)\" >\n\t\t\t\t\t\t\t\t\t<img width=\"1316\" height=\"640\" src=\"https:\/\/www.la-senechalerie.com\/wp-content\/uploads\/2021\/11\/123033014_114786743748052_6996847760692319018_n.jpg\" class=\"sow-slider-background-image skip-lazy\" alt=\"\" loading=\"eager\" srcset=\"https:\/\/www.la-senechalerie.com\/wp-content\/uploads\/2021\/11\/123033014_114786743748052_6996847760692319018_n.jpg 1316w, https:\/\/www.la-senechalerie.com\/wp-content\/uploads\/2021\/11\/123033014_114786743748052_6996847760692319018_n-300x146.jpg 300w, https:\/\/www.la-senechalerie.com\/wp-content\/uploads\/2021\/11\/123033014_114786743748052_6996847760692319018_n-1024x498.jpg 1024w, https:\/\/www.la-senechalerie.com\/wp-content\/uploads\/2021\/11\/123033014_114786743748052_6996847760692319018_n-768x373.jpg 768w\" sizes=\"(max-width: 1316px) 100vw, 1316px\" \/>\t\t\t\t\t\t\t\t<\/li>\n\t\t<\/ul>\t\t\t\t<ol class=\"sow-slider-pagination\">\n\t\t\t\t\t\t\t\t\t\t\t<li><a href=\"#\" data-goto=\"0\" aria-label=\"afficher la diapositive 1\"><\/a><\/li>\n\t\t\t\t\t\t\t\t\t\t\t<li><a href=\"#\" data-goto=\"1\" aria-label=\"afficher la diapositive 2\"><\/a><\/li>\n\t\t\t\t\t\t\t\t\t\t\t<li><a href=\"#\" data-goto=\"2\" aria-label=\"afficher la diapositive 3\"><\/a><\/li>\n\t\t\t\t\t\t\t\t\t<\/ol>\n\n\t\t\t\t<div class=\"sow-slide-nav sow-slide-nav-next\">\n\t\t\t\t\t<a href=\"#\" data-goto=\"next\" aria-label=\"diapositive suivante\" data-action=\"next\">\n\t\t\t\t\t\t<em class=\"sow-sld-icon-thin-right\"><\/em>\n\t\t\t\t\t<\/a>\n\t\t\t\t<\/div>\n\n\t\t\t\t<div class=\"sow-slide-nav sow-slide-nav-prev\">\n\t\t\t\t\t<a href=\"#\" data-goto=\"previous\" aria-label=\"diapositive pr\u00e9c\u00e9dente\" data-action=\"prev\">\n\t\t\t\t\t\t<em class=\"sow-sld-icon-thin-left\"><\/em>\n\t\t\t\t\t<\/a>\n\t\t\t\t<\/div>\n\t\t\t\t<\/div><\/div><\/div><\/div><\/div><\/div>\n\n\n<p><\/p>\n","protected":false},"excerpt":{"rendered":"<p>La salle de r\u00e9ception permet d&rsquo;accueillir jusqu&rsquo;a 50 convives. Lors de vos \u00e9v\u00e9nements, profites des terrasses, de la vue sur le chateau de Verteuil-sur-Charente et de la cour ferm\u00e9e. Attenant au logis de la S\u00e9n\u00e9chalerie, vous pourrez ainsi profiter en toute s\u00e9r\u00e9nit\u00e9 de ce moment convivial sans reprendre votre v\u00e9hicule.<\/p>\n","protected":false},"author":1,"featured_media":0,"parent":0,"menu_order":0,"comment_status":"closed","ping_status":"open","template":"","meta":{"neve_meta_sidebar":"","neve_meta_container":"","neve_meta_enable_content_width":"","neve_meta_content_width":0,"neve_meta_title_alignment":"","neve_meta_author_avatar":"","neve_post_elements_order":"","neve_meta_disable_header":"","neve_meta_disable_footer":"","neve_meta_disable_title":"","_ti_tpc_template_sync":false,"_ti_tpc_template_id":""},"yoast_head":"<!-- This site is optimized with the Yoast SEO plugin v17.5 - https:\/\/yoast.com\/wordpress\/plugins\/seo\/ -->\n<title>Salle de r\u00e9ception - Logis de la S\u00e9n\u00e9chalerie<\/title>\n<meta name=\"description\" content=\"D\u00e9couvrez la salle de r\u00e9ception pour tous vos \u00e9v\u00e9nements : Mariages, s\u00e9minaires... Une vue imprenable sur le ch\u00e2teau de Verteuil-sur-Charente, village de charme tr\u00e8s visit\u00e9 en Charente (16)\" \/>\n<meta name=\"robots\" content=\"index, follow, max-snippet:-1, max-image-preview:large, max-video-preview:-1\" \/>\n<link rel=\"canonical\" href=\"https:\/\/www.la-senechalerie.com\/?page_id=2\" \/>\n<meta property=\"og:locale\" content=\"fr_FR\" \/>\n<meta property=\"og:type\" content=\"article\" \/>\n<meta property=\"og:title\" content=\"Salle de r\u00e9ception - Logis de la S\u00e9n\u00e9chalerie\" \/>\n<meta property=\"og:description\" content=\"D\u00e9couvrez la salle de r\u00e9ception pour tous vos \u00e9v\u00e9nements : Mariages, s\u00e9minaires... Une vue imprenable sur le ch\u00e2teau de Verteuil-sur-Charente, village de charme tr\u00e8s visit\u00e9 en Charente (16)\" \/>\n<meta property=\"og:url\" content=\"https:\/\/www.la-senechalerie.com\/?page_id=2\" \/>\n<meta property=\"og:site_name\" content=\"Logis de la S\u00e9n\u00e9chalerie\" \/>\n<meta property=\"article:modified_time\" content=\"2021-11-07T17:04:58+00:00\" \/>\n<meta property=\"og:image\" content=\"https:\/\/www.la-senechalerie.com\/wp-content\/uploads\/2021\/11\/239689054_296377362255655_8981073854405970780_n.jpg\" \/>\n<meta name=\"twitter:card\" content=\"summary_large_image\" \/>\n<meta name=\"twitter:label1\" content=\"Dur\u00e9e de lecture est.\" \/>\n\t<meta name=\"twitter:data1\" content=\"2 minutes\" \/>\n<script type=\"application\/ld+json\" class=\"yoast-schema-graph\">{\"@context\":\"https:\/\/schema.org\",\"@graph\":[{\"@type\":\"WebSite\",\"@id\":\"https:\/\/www.la-senechalerie.com\/#website\",\"url\":\"https:\/\/www.la-senechalerie.com\/\",\"name\":\"Logis de la S\\u00e9n\\u00e9chalerie\",\"description\":\"G\\u00eete et Salle de r\\u00e9ception, mariage \\u00e0 Verteuil-sur-Charente\",\"potentialAction\":[{\"@type\":\"SearchAction\",\"target\":{\"@type\":\"EntryPoint\",\"urlTemplate\":\"https:\/\/www.la-senechalerie.com\/?s={search_term_string}\"},\"query-input\":\"required name=search_term_string\"}],\"inLanguage\":\"fr-FR\"},{\"@type\":\"ImageObject\",\"@id\":\"https:\/\/www.la-senechalerie.com\/?page_id=2#primaryimage\",\"inLanguage\":\"fr-FR\",\"url\":\"https:\/\/www.la-senechalerie.com\/wp-content\/uploads\/2021\/11\/239689054_296377362255655_8981073854405970780_n.jpg\",\"contentUrl\":\"https:\/\/www.la-senechalerie.com\/wp-content\/uploads\/2021\/11\/239689054_296377362255655_8981073854405970780_n.jpg\",\"width\":960,\"height\":720},{\"@type\":\"WebPage\",\"@id\":\"https:\/\/www.la-senechalerie.com\/?page_id=2#webpage\",\"url\":\"https:\/\/www.la-senechalerie.com\/?page_id=2\",\"name\":\"Salle de r\\u00e9ception - Logis de la S\\u00e9n\\u00e9chalerie\",\"isPartOf\":{\"@id\":\"https:\/\/www.la-senechalerie.com\/#website\"},\"primaryImageOfPage\":{\"@id\":\"https:\/\/www.la-senechalerie.com\/?page_id=2#primaryimage\"},\"datePublished\":\"2021-11-06T19:23:35+00:00\",\"dateModified\":\"2021-11-07T17:04:58+00:00\",\"description\":\"D\\u00e9couvrez la salle de r\\u00e9ception pour tous vos \\u00e9v\\u00e9nements : Mariages, s\\u00e9minaires... Une vue imprenable sur le ch\\u00e2teau de Verteuil-sur-Charente, village de charme tr\\u00e8s visit\\u00e9 en Charente (16)\",\"breadcrumb\":{\"@id\":\"https:\/\/www.la-senechalerie.com\/?page_id=2#breadcrumb\"},\"inLanguage\":\"fr-FR\",\"potentialAction\":[{\"@type\":\"ReadAction\",\"target\":[\"https:\/\/www.la-senechalerie.com\/?page_id=2\"]}]},{\"@type\":\"BreadcrumbList\",\"@id\":\"https:\/\/www.la-senechalerie.com\/?page_id=2#breadcrumb\",\"itemListElement\":[{\"@type\":\"ListItem\",\"position\":1,\"name\":\"Accueil\",\"item\":\"https:\/\/www.la-senechalerie.com\/\"},{\"@type\":\"ListItem\",\"position\":2,\"name\":\"Salle de r\\u00e9ception\"}]}]}<\/script>\n<!-- \/ Yoast SEO plugin. -->","yoast_head_json":{"title":"Salle de r\u00e9ception - Logis de la S\u00e9n\u00e9chalerie","description":"D\u00e9couvrez la salle de r\u00e9ception pour tous vos \u00e9v\u00e9nements : Mariages, s\u00e9minaires... Une vue imprenable sur le ch\u00e2teau de Verteuil-sur-Charente, village de charme tr\u00e8s visit\u00e9 en Charente (16)","robots":{"index":"index","follow":"follow","max-snippet":"max-snippet:-1","max-image-preview":"max-image-preview:large","max-video-preview":"max-video-preview:-1"},"canonical":"https:\/\/www.la-senechalerie.com\/?page_id=2","og_locale":"fr_FR","og_type":"article","og_title":"Salle de r\u00e9ception - Logis de la S\u00e9n\u00e9chalerie","og_description":"D\u00e9couvrez la salle de r\u00e9ception pour tous vos \u00e9v\u00e9nements : Mariages, s\u00e9minaires... Une vue imprenable sur le ch\u00e2teau de Verteuil-sur-Charente, village de charme tr\u00e8s visit\u00e9 en Charente (16)","og_url":"https:\/\/www.la-senechalerie.com\/?page_id=2","og_site_name":"Logis de la S\u00e9n\u00e9chalerie","article_modified_time":"2021-11-07T17:04:58+00:00","og_image":[{"url":"https:\/\/www.la-senechalerie.com\/wp-content\/uploads\/2021\/11\/239689054_296377362255655_8981073854405970780_n.jpg"}],"twitter_card":"summary_large_image","twitter_misc":{"Dur\u00e9e de lecture est.":"2 minutes"},"schema":{"@context":"https:\/\/schema.org","@graph":[{"@type":"WebSite","@id":"https:\/\/www.la-senechalerie.com\/#website","url":"https:\/\/www.la-senechalerie.com\/","name":"Logis de la S\u00e9n\u00e9chalerie","description":"G\u00eete et Salle de r\u00e9ception, mariage \u00e0 Verteuil-sur-Charente","potentialAction":[{"@type":"SearchAction","target":{"@type":"EntryPoint","urlTemplate":"https:\/\/www.la-senechalerie.com\/?s={search_term_string}"},"query-input":"required name=search_term_string"}],"inLanguage":"fr-FR"},{"@type":"ImageObject","@id":"https:\/\/www.la-senechalerie.com\/?page_id=2#primaryimage","inLanguage":"fr-FR","url":"https:\/\/www.la-senechalerie.com\/wp-content\/uploads\/2021\/11\/239689054_296377362255655_8981073854405970780_n.jpg","contentUrl":"https:\/\/www.la-senechalerie.com\/wp-content\/uploads\/2021\/11\/239689054_296377362255655_8981073854405970780_n.jpg","width":960,"height":720},{"@type":"WebPage","@id":"https:\/\/www.la-senechalerie.com\/?page_id=2#webpage","url":"https:\/\/www.la-senechalerie.com\/?page_id=2","name":"Salle de r\u00e9ception - Logis de la S\u00e9n\u00e9chalerie","isPartOf":{"@id":"https:\/\/www.la-senechalerie.com\/#website"},"primaryImageOfPage":{"@id":"https:\/\/www.la-senechalerie.com\/?page_id=2#primaryimage"},"datePublished":"2021-11-06T19:23:35+00:00","dateModified":"2021-11-07T17:04:58+00:00","description":"D\u00e9couvrez la salle de r\u00e9ception pour tous vos \u00e9v\u00e9nements : Mariages, s\u00e9minaires... Une vue imprenable sur le ch\u00e2teau de Verteuil-sur-Charente, village de charme tr\u00e8s visit\u00e9 en Charente (16)","breadcrumb":{"@id":"https:\/\/www.la-senechalerie.com\/?page_id=2#breadcrumb"},"inLanguage":"fr-FR","potentialAction":[{"@type":"ReadAction","target":["https:\/\/www.la-senechalerie.com\/?page_id=2"]}]},{"@type":"BreadcrumbList","@id":"https:\/\/www.la-senechalerie.com\/?page_id=2#breadcrumb","itemListElement":[{"@type":"ListItem","position":1,"name":"Accueil","item":"https:\/\/www.la-senechalerie.com\/"},{"@type":"ListItem","position":2,"name":"Salle de r\u00e9ception"}]}]}},"_links":{"self":[{"href":"https:\/\/www.la-senechalerie.com\/index.php?rest_route=\/wp\/v2\/pages\/2"}],"collection":[{"href":"https:\/\/www.la-senechalerie.com\/index.php?rest_route=\/wp\/v2\/pages"}],"about":[{"href":"https:\/\/www.la-senechalerie.com\/index.php?rest_route=\/wp\/v2\/types\/page"}],"author":[{"embeddable":true,"href":"https:\/\/www.la-senechalerie.com\/index.php?rest_route=\/wp\/v2\/users\/1"}],"replies":[{"embeddable":true,"href":"https:\/\/www.la-senechalerie.com\/index.php?rest_route=%2Fwp%2Fv2%2Fcomments&post=2"}],"version-history":[{"count":4,"href":"https:\/\/www.la-senechalerie.com\/index.php?rest_route=\/wp\/v2\/pages\/2\/revisions"}],"predecessor-version":[{"id":37,"href":"https:\/\/www.la-senechalerie.com\/index.php?rest_route=\/wp\/v2\/pages\/2\/revisions\/37"}],"wp:attachment":[{"href":"https:\/\/www.la-senechalerie.com\/index.php?rest_route=%2Fwp%2Fv2%2Fmedia&parent=2"}],"curies":[{"name":"wp","href":"https:\/\/api.w.org\/{rel}","templated":true}]}}